+ 51*r - 52. Determine j(1).
-171
Let x(i) = -2*i**2 - 2482*i - 34309. What is x(-14)?
47
Let m(g) = -2*g**3 + 10*g**2 + 355*g + 1910. Determine m(-6).
572
Let x(b) = 2*b**3 - b**2 - 43*b + 9. Give x(6).
147
Let y(f) = -f**3 + 411*f**2 + 7274*f - 38. Give y(-17).
-4
Let w(s) = s**3 - 101*s**2 - 3784*s - 427. What is w(-29)?
-21
Let q(k) = k**2 + 10809*k + 75658. Calculate q(-7).
44
Let l(o) = -16*o**3 + 28*o**2 + 90*o - 286. Calculate l(3).
-196
Let b(r) = 2*r**3 - 5794*r**2 - 306679*r - 50141. Calculate b(2949).
-8
Let o(u) = 7389*u + 1352193. Determine o(-183).
6
Let z(a) = 544*a - 23482. Calculate z(43).
-90
Let o(s) = -9*s**3 + 15*s**2 + 11*s + 12. Calculate o(6).
-1326
Let a(h) = -h**3 - 342*h**2 + 36*h + 11062. Determine a(-342).
-1250
Let x(i) = -140733*i + 703671. Determine x(5).
6
Let v(u) = 32*u**2 - 2327*u - 5464. Determine v(75).
11
Let v(q) = -9191*q + 4154329. Determine v(452).
-3
Let h(u) = -52*u**2 - 10509*u + 52756. Calculate h(-207).
-29
Let j(i) = -22*i**2 - 368*i - 367. Calculate j(-1).
-21
Let y(k) = 8709*k + 5826317. Determine y(-669).
-4
Let r(n) = -n**3 - 86*n**2 - 103*n + 5460. Determine r(-84).
0
Let b(x) = -3*x**3 - 2355*x**2 + 674*x + 529084. Give b(-785).
-6
Let y(l) = -60261*l - 5182439. Give y(-86).
7
Let s(y) = -1493*y + 1043609. Give s(699).
2
Let d(n) = 2*n**2 - 1863*n - 113079. Determine d(-57).
-390
Let v(k) = -k**3 + 19*k**2 + 1766*k - 11039. Calculate v(6).
25
Let t(a) = 2*a**2 + 273*a - 38003. What is t(-222)?
-41
Let u(s) = -34942*s + 35218. What is u(1)?
276
Let a(z) = 14265*z - 57086. What is a(4)?
-26
Let u(q) = 41*q**3 - 3365*q**2 + 238*q + 750. Give u(82).
94
Let z(k) = 13789*k - 81558. Calculate z(6).
1176
Let g(n) = 377*n**2 + 187742*n - 1997. Determine g(-498).
-5
Let l(k) = 32456*k + 422045. What is l(-13)?
117
Let u(z) = 27114*z - 1030261. What is u(38)?
71
Let y(q) = -152*q**2 - 1508*q - 39. Determine y(-9).
1221
Let n(t) = 7811*t - 7802. Determine n(1).
9
Let l(c) = 81520*c + 163038. What is l(-2)?
-2
Let l(i) = 16*i**2 - 791*i - 7367. What is l(-8)?
-15
Let y(s) = -78*s - 1698. What is y(-33)?
876
Let k(r) = -r**2 + 190*r - 2483. What is k(16)?
301
Let z(k) = 42*k**2 + 1357*k + 19. Give z(-33).
976
Let r(b) = 55*b**2 + 4556*b + 58839. Give r(-16).
23
Let q(u) = -3491*u + 122156. Calculate q(35).
-29
Let l(s) = -2*s**3 - 127*s**2 - 203*s - 1026. Determine l(-62).
28
Let t(u) = -u**2 - 436*u + 82078. Give t(142).
2
Let p(n) = -n**3 + 942*n**2 - 15759*n + 625. What is p(17)?
47
Let s(o) = -2*o**2 - 4156*o + 300797. Give s(70).
77
Let l(g) = g**2 - 130*g + 4016. Give l(53).
-65
Let z(m) = -560*m**2 + 71713*m - 4225. What is z(128)?
-1
Let t(j) = j**2 + 743*j + 10182. Determine t(-14).
-24
Let c(k) = k**2 + 114*k - 411658. Give c(-701).
-171
Let i(y) = -5*y**2 + 218*y + 2924. Determine i(-13).
-755
Let o(a) = 3*a**3 - 203*a**2 + 363*a - 79. Determine o(66).
2099
Let q(h) = -79*h - 1297. Give q(-14).
-191
Let n(d) = d**3 + 179*d**2 - 268*d + 17166. Calculate n(-181).
152
Let k(y) = -24186*y + 2974881. Calculate k(123).
3
Let w(k) = -64359*k - 64354. Determine w(-1).
5
Let v(i) = 2*i**2 - 84799*i - 1781673. Determine v(-21).
-12
Let k(i) = -2*i**3 - 1506*i**2 + 18344*i - 12256. What is k(-765)?
-16
Let h(p) = 3390*p - 13543. Calculate h(4).
17
Let s(u) = -195*u**2 - 53042*u - 550. What is s(-272)?
-6
Let u(j) = -7*j**2 + 4624*j + 240350. Determine u(709).
-1
Let q(r) = 124823*r + 1872354. Determine q(-15).
9
Let r(o) = 1587*o + 431674. Give r(-272).
10
Let h(s) = 2*s**2 + 239*s + 943. What is h(-4)?
19
Let k(w) = -w**2 + 133*w - 3804. Give k(56).
508
Let o(f) = f**2 + 55*f + 75. Determine o(-29).
-679
Let f(b) = -14*b**2 + 882*b + 195. What is f(63)?
195
Let y(a) = -262*a**2 + 25*a - 15. What is y(1)?
-252
Let j(t) = 17091*t - 239117. Give j(14).
157
Let y(m) = -125*m**2 + 510*m - 1. Determine y(4).
39
Let d(s) = 6058*s**2 + 60591*s + 105. Give d(-10).
-5
Let o(p) = -20*p**3 + 753*p**2 + 268*p - 71. Determine o(38).
5
Let d(w) = 5*w**3 + 69*w**2 - 315*w - 585. Determine d(-17).
146
Let w(h) = 16*h**2 - 553*h + 1300. Determine w(32).
-12
Let d(u) = 791*u + 131290. Calculate d(-166).
-16
Let p(x) = 959*x**2 - 153446*x + 807. What is p(160)?
-153
Let c(m) = 51*m**2 + 160*m + 348. What is c(-8)?
2332
Let k(y) = -10684*y - 64083. What is k(-6)?
21
Let s(x) = -145*x**2 + 188*x + 38. Determine s(4).
-1530
Let g(h) = -44052*h - 352403. Calculate g(-8).
13
Let k(d) = -4*d**3 - 946*d**2 + 474*d - 105. What is k(-237)?
-105
Let f(j) = j**3 - 9*j**2 - 577*j + 47. Give f(-21).
-1066
Let n(s) = -229*s - 29554. Determine n(-130).
216
Let m(c) = c**3 + 43*c**2 + 113*c - 254. Give m(-40).
26
Let m(i) = 10*i**2 + 108*i - 35. Calculate m(-12).
109
Let c(i) = i**3 + 11*i**2 - 40*i - 74. Give c(5).
126
Let k(j) = 39*j**2 + 3825*j + 81. Determine k(-98).
-213
Let t(p) = p**2 - 1684*p + 38195. Determine t(23).
-8
Let i(y) = -13962*y + 139617. Calculate i(10).
-3
Let o(a) = 105617*a + 316803. Determine o(-3).
-48
Let s(j) = -5*j**2 - 118*j - 1009. Calculate s(-30).
-1969
Let g(m) = 5*m**3 - 636*m**2 + 6184*m + 2295. Calculate g(11).
18
Let q(g) = -g**3 - 4*g**2 + 19702*g + 78847. Give q(-4).
39
Let z(y) = 21*y**2 + 159*y + 414. Calculate z(-7).
330
Let c(h) = 3*h**2 + 221*h - 13022. Determine c(39).
160
Let q(h) = h**3 - 51*h**2 + 233*h - 1635. Calculate q(47).
480
Let m(x) = -x**3 - 8*x**2 + 5551*x + 101484. Determine m(-19).
-14
Let d(h) = 42479*h + 594760. Give d(-14).
54
Let k(t) = -6743*t + 492320. Give k(73).
81
Let w(u) = -467*u - 92309. What is w(-198)?
157
Let d(h) = 71766*h + 861420. Determine d(-12).
228
Let t(d) = 6*d**2 - 1278*d - 14794. Determine t(224).
-10
Let o(g) = 619*g**2 + 95326*g - 40. Give o(-154).
-40
Let v(y) = y**2 + 1230*y - 91009. Give v(70).
-9
Let s(v) = 11*v**3 + 2455*v**2 + 459*v + 2907. Determine s(-223).
8
Let q(v) = v**3 + 67*v**2 - 167*v + 2997. Determine q(-70).
-13
Let p(i) = -4*i**3 + 763*i**2 + 172*i + 3740. Give p(191).
111
Let a(d) = -d**3 - 3242*d**2 - 162744*d - 163. What is a(-51)?
-10
Let y(v) = -v**3 + 162*v**2 + 316*v + 2679. What is y(164)?
711
Let d(r) = 40489*r - 1214653. What is d(30)?
17
Let n(l) = 5*l**2 + 182*l + 404. Calculate n(-35).
159
Let u(x) = -x**2 - 766*x + 10125. What is u(13)?
-2
Let d(j) = 147*j**2 - 9524*j - 1907. What is d(65)?
108
Let m(p) = p**3 - 67*p**2 - 6262*p + 5199. What is m(-53)?
5
Let d(y) = -y**3 - 119*y**2 - 136*y - 16159. Calculate d(-119).
25
Let v(a) = 4*a**2 - 167*a - 1893. What is v(51)?
-6
Let s(v) = 10*v**2 - 53*v - 1509. Give s(-9).
-222
Let k(d) = -110*d - 7051. Calculate k(-64).
-11
Let q(v) = 5*v**3 - 3788*v**2 - 1423*v - 70506. Determine q(758).
-12
Let c(g) = 3*g**3 - 342*g**2 - 315*g - 2734. Give c(115).
716
Let h(m) = -m**3 + 9*m**2 + 9061*m - 117062. Give h(13).
55
Let d(i) = 3*i**3 - 19*i**2 + 126*i + 153. What is d(7)?
1133
Let l(o) = -2*o**3 - 8*o**2 - 74*o - 309. What is l(-4)?
-13
Let t(w) = -w**2 + 49*w + 360005. Determine t(625).
5
Let m(v) = v**3 - 4*v**2 + 10*v + 855. What is m(-8)?
7
Let m(b) = b**3 - 15*b**2 - 7083*b + 94. Determine m(-77).
17
Let m(i) = -i**3 + 51*i**2 - 4374*i + 294836. Calculate m(60).
-4
Let k(c) = -c**3 - 77*c**2 + 2352*c + 17236. Calculate k(-99).
10
Let b(o) = o**3 - 1878*o**2 + 7529*o - 130. Give b(4).
2
Let v(p) = -6*p**3 + 72*p**2 + 980*p - 7995. Calculate v(17).
-5
Let b(l) = l**2 + 31*l - 223. What is b(6)?
-1
Let r(p) = -p**3 + 300*p**2 + 5727*p - 946. Determine r(318).
8
Let o(x) = -x**3 - 457*x**2 + 11037*x - 1465. What is o(-480)?
-25
Let i(t) = t**3 + 32*t**2 + 1196*t + 11658. Give i(-12).
186
Let p(i) = -64*i**2 - 106*i - 227. Determine p(-2).
-271
Let q(y) = -184*y**3 - 135*y**2 - 144*y - 3. Give q(-1).
190
Let t(x) = x**2 + 9823*x + 156904. Calculate t(-16).
-8
Let n(m) = -5340*m - 1692643. Give n(-317).
137
Let h(z) = 1728997*z + 39766923. Calculate h(-23).
-8
Let v(p) = -p**2 + 93*p + 1841. Calculate v(109).
97
Let z(v) = v**3 - 448*v**2 - 895*v + 4. Give z(-2).
-6
Let x(a) = a**3 + 12*a**2 - 316*a - 3927. Determine x(-17).
0
Let o(i) = -3*i**3 - 44*i**2 + 123*i + 1525. Calculate o(-11).
-1159
Let d(r) = -323*r + 4813. Determine d(13).
614
Let z(r) = -6*r**2 - 280*r + 2006. Calculate z(-53).
-8
Let r(w) = -2*w**2 + 214*w + 88. What is r(14)?
2692
Let n(p) = -563*p + 17115